is divided by z.
19
Let i = -9 + 37. Suppose -4*u = -6*u + i. Calculate the remainder when 97 is divided by u.
13
Let s(h) = 2*h - 29. Suppose -5*w + r + 105 = 0, 2*r = 2*w - 4*w + 42. Calculate the remainder when 63 is divided by s(w).
11
Let z = -139 - -322. Let o = -123 + z. Let x = 23 - -8. Calculate the remainder when o is divided by x.
29
Suppose -l + 42 = c + 9, 3*l - 92 = 4*c. Calculate the remainder when l is divided by 9.
5
Let i(a) = 29*a - 4. Let b(d) = -3*d**3 - 5*d**2 + 3*d - 1. Calculate the remainder when b(-4) is divided by i(1).
24
Let j = -378 + 534. What is the remainder when j is divided by 79?
77
Let f(m) = -2*m**3 + 4*m**2 + 2. Let w be f(2). Let z(h) = -7*h**2 - 4*h**2 + 5*h - h**2 + 13*h**w - 11. What is the remainder when z(7) is divided by 15?
13
Let c = 97 - 58. Let q = c + -32. Calculate the remainder when 13 is divided by q.
6
Let c(f) = -2*f**2 - 20*f - 4. What is the remainder when 489 is divided by c(-9)?
13
Let w(z) = 49*z - 948. What is the remainder when 149 is divided by w(20)?
21
Suppose -3*x - 26 = -f + x, -2*x - 118 = -3*f. Let m = f + 34. Calculate the remainder when m is divided by 7.
6
Calculate the remainder when 37 is divided by (-12)/(-36) - (-535)/15.
1
Let v(j) be the second derivative of 1/12*j**4 + 7/6*j**3 + j - 5/2*j**2 + 0. Calculate the remainder when 50 is divided by v(-9).
11
Let i(j) = -2*j**3 - 6*j**2 + 7*j + 32. Calculate the remainder when 40 is divided by i(-4).
4
Let j be 2/(-1 - 0/(-2)). Suppose 0 = 32*o + 539 - 2907. Calculate the remainder when o is divided by (57/6)/(-1)*j.
17
What is the remainder when (-3 - -2)/((-2 - 3)/580) is divided by 25?
16
Suppose 3*i = 3*c - 0*i - 258, 4*c + 4*i = 384. Let w = -1055 + 1101. Calculate the remainder when c is divided by w.
45
Let p(f) = -f**3 + 21*f**2 - 37*f + 11. Calculate the remainder when 118 is divided by p(19).
28
Suppose -101 + 28 = -4*y - r, r = -5*y + 92. Calculate the remainder when 49 is divided by y.
11
Let y = -230 + 338. Let r = 4 - -7. Calculate the remainder when r is divided by y/252 - 50/(-14).
3
Let m(t) = 3*t**2 + 2 - t - 2*t + 4*t - t**3 + 0*t**2. Let b be m(3). Suppose p = b*p - 68. What is the remainder when p is divided by 6?
5
Let h be (7/((-14)/5))/((-2)/24). Suppose 6 = 4*t - h. What is the remainder when 13 is divided by t?
4
Let m = -25 - -117. Suppose 3*c + 62 = 2*t, -c = -t - 4*c + 31. What is the remainder when m is divided by t?
30
Let c be 34/6 - 2/3. Suppose 4*n - 5*x = -n - 25, -2*n = 2*x - 10. Suppose c*y + n = 30. Calculate the remainder when 9 is divided by y.
3
Let o = 632 + -580. Calculate the remainder when 164 is divided by o.
8
Let x be (-5)/((-5)/3) - 0. What is the remainder when 1*(7 + (-8)/(x + -5)) is divided by 8?
3
Let y = -484 + 929. Suppose -1390 = -7*b - y. Calculate the remainder when b is divided by (-206)/(-6) + 4/(-12).
33
Suppose -99*z - 1560 = -107*z. What is the remainder when z is divided by 50?
45
Suppose 2*y + 32 = 3*c, -5*y - 28 - 22 = -5*c. What is the remainder when 105 is divided by c?
9
Suppose -20 = 4*x - 4. Let s be 1160/(-65) - x/(-26). What is the remainder when s/(-99) + (-744)/(-22) is divided by 7?
6
Suppose -4*h + 518 = h - 4*o, -3*h + 308 = -o. What is the remainder when h is divided by (2/(-6))/((-3)/234)?
24
Let v(b) = 5*b - 9. Let x be v(6). Suppose -2*m = -x - 103. Let q = 521 + -508. What is the remainder when m is divided by q?
10
Let s = -476 - -506. What is the remainder when 1047 is divided by s?
27
Suppose 4*c - 21 = 3*o, -c - 4*c + 18 = -o. Suppose 2*l + u = 2*u + 12, -4*u - 13 = -c*l. What is the remainder when 17 is divided by l?
3
Let h(x) = x + 35. Calculate the remainder when h(4) is divided by 11.
6
Let z = -502 + 563. What is the remainder when z is divided by 16?
13
Suppose 0 = 18*w - 1360 - 116. Let g be (-46)/(-14) + 6/(-21). Suppose -5*u + 89 = -4*h, u - 4*u + 75 = g*h. Calculate the remainder when w is divided by u.
19
Let m(t) = 2*t**2 - 17*t + 12. Let b be m(8). Suppose h + b*v = -0*h + 27, 0 = 5*h - v - 72. What is the remainder when 36 is divided by h?
6
What is the remainder when 403/31 - 526/(-2) is divided by 19?
10
Let x = 0 - -188. What is the remainder when x is divided by 21?
20
Let s(l) = l**3 - 3*l**2 + 6. Let w = -9 - -13. Suppose 2*r - 15 - 1 = 3*y, 0 = 3*y. Calculate the remainder when s(w) is divided by r.
6
Let c be (4/6)/(9/324). Let b be 2 - 1 - (c + -3). Let x = -17 - b. Calculate the remainder when 9 is divided by x.
0
Let v = 0 + 25. Suppose r - v = z, 2 = -z - 3. Calculate the remainder when r is divided by 6.
2
Suppose 5*r - 25 = -2*h + 19, h + r - 22 = 0. What is the remainder when 284 is divided by h?
20
Let i = -9 - -16. Suppose 19 = 4*j + 3. Suppose -n - j*o - 13 = 0, -o + 4 = 4*n + o. Calculate the remainder when i is divided by n.
1
Let y = 5 - 4. Suppose -4*h = -5 + y. Suppose 3*u - h = 2. What is the remainder when 2 is divided by u?
0
Let i(w) = 4*w**2 + w + 2. Let x(f) = 5*f**2 - 10*f + 9. Calculate the remainder when i(-2) is divided by x(2).
7
Let u(v) = v**3 + 5. Suppose -19*b - 170 + 626 = 0. Calculate the remainder when u(4) is divided by b.
21
Suppose -8*x = -428 - 140. Calculate the remainder when x is divided by 10.
1
Suppose -s = -v - 133, 5*s + 0*v = -v + 647. Calculate the remainder when s is divided by 36.
22
Suppose 0*m + 2*j + 156 = 4*m, 5*j = 3*m - 124. Suppose -d + 2*d = -4. What is the remainder when m is divided by 12/d + 13 + 3?
12
Let n(i) = -30*i - 286. Calculate the remainder when 247 is divided by n(-10).
9
Let r(n) = n**2 + 2*n - 2. Let h be r(2). Suppose 0 = -55*x + 16*x + 390. What is the remainder when x is divided by ((-2)/(-3))/(1/h)?
2
Let p(h) be the first derivative of -h**2/2 + 25*h + 2. What is the remainder when 15 is divided by p(16)?
6
Suppose -h = -7 + 3. Suppose g + 59 = 2*o, -o - h*g + 22 = -7*g. Calculate the remainder when 123 is divided by o.
30
Let t(r) = 5*r**3 + r**2 + r. Suppose -11 = -k - 0*k. Suppose 5*s - 6*s - k = -2*y, y = -4*s + 28. Calculate the remainder when t(2) is divided by y.
6
Let f be (-120)/150*(1/2 - -2). Let w(l) = 22*l + 9. Let d(q) = 11*q + 4. Let v(p) = 7*d(p) - 4*w(p). Calculate the remainder when 41 is divided by v(f).
13
Suppose -4*o = -3*k + 8, -3*o + 2 = -3*k - o. Let f = -5 + k. Calculate the remainder when (-209)/f + (-10)/45 is divided by 9.
5
Suppose -3*m + 174 = -93. Let s(g) = 9*g**2 - 2*g - 2. What is the remainder when m is divided by s(2)?
29
Let r(y) = 45*y**2 + 3. Let j be r(-2). Suppose -3*s + 660 - j = 0. Suppose 5*d - s + 14 = 0. Calculate the remainder when d is divided by 8.
5
What is the remainder when 282 is divided by 1144/16 + 7/(-14)?
69
Let k = 201 + -120. Let i(s) = -32*s + 21. What is the remainder when k is divided by i(0)?
18
Let i = 8 + -8. Suppose i = 2*n - 3 + 1. What is the remainder when (-227)/(-3) + n/3 is divided by 26?
24
Let o = -325 - -442. What is the remainder when o is divided by 27?
9
Suppose -13*h + 45*h = 8000. What is the remainder when h is divided by 14?
12
Suppose -4*c + 7*d - 12*d = -1991, -4*c + 1961 = -5*d. Calculate the remainder when c is divided by 62.
60
Suppose -136 = -3*o + 2*i, 4*o - 2*i + i = 173. Let d be 13 + -10 - 70/(-2). Let f = d + o. What is the remainder when f is divided by 27?
26
Let u = 53 + -44. Suppose 8*i - u = 15. Calculate the remainder when 10 is divided by i.
1
Suppose 3*l + 3*o + 2*o - 112 = 0, 4*l = -o + 172. What is the remainder when 108 is divided by l?
20
Suppose 2*m = 2*u - 126, -2*m + 38 - 179 = u. Let l = m + 80. What is the remainder when 44 is divided by l?
8
Let a = -417 + 654. What is the remainder when a is divided by 65?
42
Suppose -7*a + 2*a - 299 = -2*u, -u = 3*a - 122. Let t = -127 - -162. What is the remainder when u is divided by t?
32
What is the remainder when 4 is divided by 169/65 + (-6)/(-15)?
1
Suppose 0 = 11*m - 5*m - 36. Suppose -66 - 42 = -m*r. Suppose 5*d - 12 = 3. What is the remainder when r is divided by d?
0
Let m(p) = p**3 + 10*p**2 - 24*p + 8. Calculate the remainder when 142 is divided by m(-12).
6
Let y be -3*16/6*20/(-80). Suppose -5*r + 8 = -7. Suppose r*q + 2*g = -y*q + 208, -q - g + 44 = 0. Calculate the remainder when q is divided by 14.
12
Let j(u) = 21*u**2. Suppose 0 = -5*a - 5*o + 60, -6*o + 42 = 3*a - o. 